- 1770. Let y be f(7). What is the highest common factor of y and 144?
16
Let w(v) = 14*v**2 + 69*v + 3. Let f be w(-7). Let m = -188 + f. Calculate the highest common factor of m and 342.
18
Suppose -41 = -2*n + 11. Suppose -n = -k + 39. Let p = 24 - -2. Calculate the highest common divisor of p and k.
13
Let y be ((-768)/(-24))/(1/2). Suppose -2*w + 3*l + 60 = -0*w, 5*l = 2*w - y. Calculate the highest common divisor of w and 36.
9
Let p be (-60)/(-80) - (-81)/4. Calculate the greatest common divisor of p and 8.
1
Let d(k) = -k**3 + 12*k**2 + 28*k + 2. Let s be d(14). Suppose -2*v - 8 = -3*v - s*i, i = 0. Suppose z = 3 + 1. Calculate the highest common divisor of v and z.
4
Suppose 0 = 4*q - 4*h - 96, 7*q - 6*h - 136 = -3*h. Let l = 304 + -176. Let j be (l/(-12))/((-1)/12). Calculate the highest common factor of j and q.
16
Let a(t) = 2*t - 21. Suppose q - 26 = -46. Let s be ((-24)/q)/(-1)*(-40)/3. Let f be a(s). What is the highest common divisor of f and 77?
11
Let c be -17*(-120)/408 + 1142. Calculate the greatest common factor of c and 124.
31
Suppose 0 = -13*w + 53054 - 44422. What is the greatest common factor of 16 and w?
8
Let p(z) = -5*z + 70. Let y be p(12). Suppose -y*t = 8*t - 6048. Calculate the greatest common factor of t and 96.
48
Let s(v) = v**3 + 18*v**2 - 398*v - 4147. Let p be s(-11). Calculate the greatest common divisor of p and 196.
98
Let q = -17 - -180. Let w = 170 - q. Calculate the highest common divisor of 21 and w.
7
Suppose -4*j + 376 = 4*w, w = 6*w + 5. Let r(i) be the first derivative of -6*i**2 - 53*i + 103. Let m be r(-6). What is the greatest common factor of j and m?
19
Suppose -52 = 2*b + 3*s, -2*s = 4*b + 76 + 44. Let l = b + 42. Suppose 15*k - 270 = l*k. What is the greatest common factor of k and 27?
27
Suppose 0 = -2*r - 3*y + 21569, 32*y = 5*r + 30*y - 53970. Calculate the highest common factor of r and 152.
152
Suppose 31254 = 27*y - 34734. Calculate the greatest common divisor of y and 104.
52
Let y be 102/30 - 3 - (-18326)/85. What is the greatest common divisor of 392 and y?
8
Let z(r) = -9*r**2 - 251*r + 51. Let p be z(-28). Calculate the greatest common divisor of p and 71.
1
Suppose 35 + 199 = 26*o. Let m be (220/6)/((-1)/(-3)). Suppose -o*h + m = h. Calculate the highest common divisor of 77 and h.
11
Let v = -3 + 11. Let x = 1235 - 1107. Calculate the greatest common divisor of x and v.
8
Suppose 8*i = 3*i - 4*k + 457, -281 = -3*i + k. Suppose -4*p = -4*f - 240, 0 = p + 2*f - i + 21. Let o = -37 + p. What is the highest common factor of o and 3?
3
Let p = -1 + -3. Let t(g) = g**2 + g + 1. Let b be t(p). Let w = -5583 + 5648. What is the greatest common divisor of w and b?
13
Let r(n) = n**3 - 48*n**2 + 58*n + 1045. Let p be r(47). What is the highest common divisor of 110 and p?
22
Let r(x) = 209*x + 2735. Let h be r(-13). Let m be 4/12 - 58/(-6). Let f(v) = -v + 12. Let u be f(m). What is the highest common factor of h and u?
2
Suppose 21*o - 18*o - 99 = 0. Let b(h) = -22*h**3 - h**2 - h. Let i be b(-1). What is the greatest common divisor of i and o?
11
Suppose -5*t + 20 = -v, -42*v = -46*v - t + 67. What is the highest common factor of v and 6585?
15
Let l(h) = -70*h + 1780. Let a be l(25). Let f be (1 - -2)*(-1 + 36). What is the greatest common divisor of a and f?
15
Let y(w) = w**3 - 14*w**2 + 45*w - 51. Let l be y(11). Let b be (-33)/(-9) - 2/3. Calculate the greatest common factor of b and l.
3
Let u be (-193 - -199)/((-6)/(-25954)). Calculate the highest common divisor of u and 19.
19
Suppose -2*i + 3660 = -2*g, -127*i + 128*i - 1840 = -4*g. Calculate the greatest common divisor of i and 8.
8
Let j be 1/4 + (-95)/(-20). Suppose -5*i = j + 130. Let r = i - -43. What is the greatest common factor of r and 176?
16
Let k be (-64)/10 - -10 - 4/(-10). Suppose -s + 395 = 5*t, 4*t - 772 = -k*s + 2*s. What is the highest common factor of 20 and s?
20
Let i be (91/(-26))/((-1)/238). Suppose 394*b - 408*b + 238 = 0. What is the greatest common factor of b and i?
17
Let a(y) = -22*y - 2. Let x be a(-2). Let s(w) = -w**2 - 56*w - 742. Let p be s(-34). Calculate the highest common factor of p and x.
6
Let y = -99 + 125. Suppose -y*g + 13 = -13*g. Calculate the greatest common divisor of 23 and g.
1
Suppose 0 = -3*x + 4*t + 4081 - 1098, -5*t = 5*x - 5030. Let p = 24 + -20. Suppose p*z = -3*z + x. What is the greatest common divisor of z and 13?
13
Let j be ((-36)/(-1134)*-175)/((2/(-9))/2). Let n(f) = f**3 - 14*f**2 + 21*f + 2. Let h be n(16). What is the greatest common divisor of j and h?
50
Let c be (-299 - -269)*560/(-6). What is the highest common divisor of 112 and c?
112
Let c be -1 - 2*(-4)/8. Let j = c - -3. Let f(q) = 11*q - 8. Let i be f(j). Calculate the greatest common divisor of i and 5.
5
Let g be 2/(-3) - (-236)/3. Let o be 32/(-4) + 12 + 2. Suppose -z - 134 = -5*m, -o*z + 5*z + 126 = 5*m. What is the greatest common factor of g and m?
26
Let s be 0 + 7 - (9 - 6). Suppose 77 - 29 = s*r. Suppose 2*z + 69 = l - z, 0 = -5*l - 2*z + 294. What is the highest common divisor of l and r?
12
Suppose 5*x - 298 = -3*m, -304 = -4*m - 4*x + 80. Calculate the highest common factor of 574 and m.
7
Let l(o) = o**2 - 2727*o + 49167. Let u be l(18). Suppose m + 49 = y, m = -2*y - 0*m + 86. Calculate the greatest common divisor of y and u.
45
Let v(b) = b**3 + 27*b**2 - 168*b - 211. Let q be v(-32). Suppose 162 = 2*p - 0*p. What is the highest common divisor of p and q?
9
Suppose -5*n + 4*z + 1229 = 0, 2*n + 2*z = 166 + 322. What is the highest common factor of 14 and n?
7
Suppose -4*x + 296 = -8*x. Let u = -49 - x. Let o = 26 - u. What is the highest common divisor of o and 1?
1
Let h = -446 - -482. What is the greatest common factor of h and 102?
6
Let r be (6/((-12)/26) - -2) + 297. Suppose -q + 4*q - 198 = 0. Calculate the highest common factor of q and r.
22
Suppose 958748 = -8963*c + 8991*c. Calculate the highest common divisor of 97 and c.
97
Let j = -135 - -207. Suppose 1073 = 8*k + 753. Let z be ((-24)/10)/(((-108)/k)/9). Calculate the greatest common divisor of z and j.
8
Suppose 0 = -4*d + 5*m + 2793, -d - 17*m + 695 = -15*m. What is the greatest common divisor of 289 and d?
17
Let m(t) = -3*t + 44 - 3 + 2*t. Let j be m(-7). Calculate the greatest common divisor of 208 and j.
16
Suppose 3*g - 22 = -4*n, -2*g = -3*n + 7 + 1. Let y be (1/g)/(5 + 2232/(-448)). What is the highest common divisor of y and 98?
14
Suppose 26*s + 0*s = 520. Let g be ((-1072)/3)/(-4) - 4/(-6). What is the greatest common factor of g and s?
10
Let p = -173 - -145. Let v be 8/56 - 3384/p. Suppose 3*g + 0*g - 33 = 0. What is the highest common factor of v and g?
11
Let o be (156 - 0)/(42/(-56)). Let a = 216 + o. Calculate the greatest common divisor of 344 and a.
8
Let i(l) = 4*l**3 - 20*l**2 - 24*l + 4. Let x be i(6). Let b = -112 + 220. Calculate the highest common factor of b and x.
4
Let l = -10221 + 10275. Suppose -y + 145 + 44 = 0. Calculate the greatest common factor of y and l.
27
Suppose -4*u = -2*u + 7*g - 1727, -3*u + 5*g = -2513. Calculate the highest common factor of 27 and u.
9
Suppose 35591 + 66984 = 14*n + 41*n. Calculate the highest common factor of n and 10.
5
Suppose -12*w + 39 + 42 = -171. Calculate the greatest common factor of 4340 and w.
7
Let h(z) = -z**2 + 23*z + 1905. Let s be h(-33). What is the greatest common factor of s and 2451?
57
Let i(a) = -2*a**2 + 115*a + 540. Let q be i(59). What is the highest common divisor of 3 and q?
3
Let l(r) = r**2 + 0*r**2 + 0*r**2 + 6*r**3 + 3*r**3 - r. Let y be l(-2). Let z be (y/(-4))/(2/((-64)/(-6))). What is the highest common factor of 8 and z?
8
Let o(a) = a**2 - 2*a - 14. Suppose -8 - 12 = -4*z. Let s be o(z). Let u be s/4 - 1/(12/(-57)). What is the greatest common divisor of 5 and u?
5
Let y(i) = -4*i**2 + 2*i - 29. Let a be y(6). Let p = 261 + a. What is the highest common factor of 60 and p?
20
Let x be (2400/(-384))/((-5)/8). What is the highest common divisor of 1446 and x?
2
Let v = -1484 - -1115. Let l = v + 451. Suppose -493 = 3*g - 7*g + y, 2*y - 367 = -3*g. Calculate the greatest common factor of g and l.
41
Suppose 0 = 4*k - 4*b - 196, 3*k = -k - 4*b + 188. Suppose 0 = 3*j + 2*j - 1680. Calculate the greatest common divisor of j and